{"id":730,"date":"2025-07-11T14:38:26","date_gmt":"2025-07-11T14:38:26","guid":{"rendered":"https:\/\/radiolandmark.com\/?page_id=730"},"modified":"2025-08-13T15:13:53","modified_gmt":"2025-08-13T15:13:53","slug":"acerca-de","status":"publish","type":"page","link":"https:\/\/radiolandmark.com\/index.php\/acerca-de\/","title":{"rendered":"Acerca De"},"content":{"rendered":"<div data-colibri-id=\"730-c1\" class=\"style-607 style-local-730-c1 position-relative\">\n  <!---->\n  <div data-colibri-component=\"section\" data-colibri-id=\"730-c2\" id=\"content\" class=\"h-section h-section-global-spacing d-flex align-items-lg-center align-items-md-center align-items-center style-608 style-local-730-c2 position-relative\">\n    <!---->\n    <!---->\n    <div class=\"h-section-grid-container h-section-fluid-container\">\n      <!---->\n      <div data-colibri-id=\"730-c3\" class=\"h-row-container gutters-row-lg-0 gutters-row-md-0 gutters-row-2 gutters-row-v-lg-0 gutters-row-v-md-0 gutters-row-v-2 style-609 style-local-730-c3 position-relative\">\n        <!---->\n        <div class=\"h-row justify-content-lg-center justify-content-md-center justify-content-center align-items-lg-stretch align-items-md-stretch align-items-stretch gutters-col-lg-0 gutters-col-md-0 gutters-col-2 gutters-col-v-lg-0 gutters-col-v-md-0 gutters-col-v-2\">\n          <!---->\n          <div class=\"h-column h-column-container d-flex h-col-lg-auto h-col-md-auto h-col-auto style-610-outer style-local-730-c4-outer\">\n            <div data-colibri-id=\"730-c4\" class=\"d-flex h-flex-basis h-column__inner h-px-lg-0 h-px-md-0 h-px-0 v-inner-lg-0 v-inner-md-0 v-inner-0 style-610 style-local-730-c4 position-relative\">\n              <!---->\n              <!---->\n              <div class=\"w-100 h-y-container h-column__content h-column__v-align flex-basis-100 align-self-lg-start align-self-md-start align-self-start\">\n                <!---->\n                <div data-colibri-id=\"730-c5\" class=\"h-global-transition-all h-heading style-612 style-local-730-c5 position-relative h-element\">\n                  <!---->\n                  <div class=\"h-heading__outer style-612 style-local-730-c5\">\n                    <!---->\n                    <!---->\n                    <h2 class=\"\">Radio Landmark<\/h2>\n                  <\/div>\n                <\/div>\n                <div data-colibri-id=\"730-c6\" class=\"h-text h-text-component style-613 style-local-730-c6 position-relative h-element\">\n                  <!---->\n                  <!---->\n                  <div class=\"\">\n                    <p><strong style=\"font-size: 23px; font-family: &quot;Open Sans&quot;; color: rgb(255, 255, 255);\">Radio Landmark<\/strong>&nbsp;es una emisora de radio cristiana, sin fines de lucro, sostenida por sus oyentes, ubicada en el centro de\n                      la Florida. Transmitimos m\u00fasica sacra, gospel sure\u00f1o y gospel bluegrass. Nuestra programaci\u00f3n tambi\u00e9n incluye predicaci\u00f3n y ense\u00f1anza b\u00edblica poderosa. Como ministerio de la Iglesia Bautista Landmark en Haines City, Florida, Gospel\n                      90.3 ha transmitido programaci\u00f3n conservadora desde 1990.<\/p>\n                    <p>Gospel 90.3 es la emisora principal de <strong>Radio Landmark<\/strong>, nuestra estaci\u00f3n hermana dedicada a alcanzar nuevas audiencias con la misma m\u00fasica edificante y predicaci\u00f3n fiel.<\/p>\n                    <p>Al ser una emisora no comercial, <strong style=\"font-size: 23px; font-family: &quot;Open Sans&quot;; color: rgb(255, 255, 255);\">Radio Landmark<\/strong> depende del apoyo de sus oyentes. Si desea contribuir econ\u00f3micamente al ministerio\n                      de <span style=\"color: rgb(255, 255, 255); font-family: &quot;Open Sans&quot;; font-size: 23px; font-weight: 400;\">Radio Landmark<\/span>, por favor haga clic en el enlace de donaciones.<\/p>\n                    <p>Otra parte de nuestro apoyo proviene de los patrocinadores: negocios que apoyan financieramente nuestro ministerio a cambio de reconocimientos al aire de sus empresas o servicios.<\/p>\n                  <\/div>\n                <\/div>\n              <\/div>\n            <\/div>\n          <\/div>\n          <div class=\"h-column h-column-container d-flex h-col-lg-auto h-col-md-auto h-col-auto style-618-outer style-local-730-c7-outer\">\n            <div data-colibri-id=\"730-c7\" class=\"d-flex h-flex-basis h-column__inner h-ui-empty-state-container h-px-lg-0 h-px-md-0 h-px-0 v-inner-lg-0 v-inner-md-0 v-inner-0 style-618 style-local-730-c7 position-relative\">\n              <!---->\n              <!---->\n              <div class=\"w-100 h-y-container h-column__content h-column__v-align flex-basis-100\">\n                <!---->\n              <\/div>\n            <\/div>\n          <\/div>\n        <\/div>\n      <\/div>\n    <\/div>\n  <\/div>\n<\/div>","protected":false},"excerpt":{"rendered":"<p>Radio Landmark Radio Landmark&nbsp;es una emisora de radio cristiana, sin fines de lucro, sostenida por sus oyentes, ubicada en el centro de la Florida. Transmitimos m\u00fasica sacra, gospel sure\u00f1o y [&hellip;]<\/p>\n","protected":false},"author":1,"featured_media":0,"parent":0,"menu_order":0,"comment_status":"closed","ping_status":"closed","template":"page-templates\/full-width-page.php","meta":{"footnotes":""},"class_list":["post-730","page","type-page","status-publish","hentry"],"yoast_head":"<!-- This site is optimized with the Yoast SEO plugin v25.9 - https:\/\/yoast.com\/wordpress\/plugins\/seo\/ -->\n<title>Acerca De - radiolandmark.com<\/title>\n<meta name=\"robots\" content=\"index, follow, max-snippet:-1, max-image-preview:large, max-video-preview:-1\" \/>\n<link rel=\"canonical\" href=\"https:\/\/radiolandmark.com\/index.php\/acerca-de\/\" \/>\n<meta property=\"og:locale\" content=\"en_US\" \/>\n<meta property=\"og:type\" content=\"article\" \/>\n<meta property=\"og:title\" content=\"Acerca De - radiolandmark.com\" \/>\n<meta property=\"og:description\" content=\"Radio Landmark Radio Landmark&nbsp;es una emisora de radio cristiana, sin fines de lucro, sostenida por sus oyentes, ubicada en el centro de la Florida. Transmitimos m\u00fasica sacra, gospel sure\u00f1o y [&hellip;]\" \/>\n<meta property=\"og:url\" content=\"https:\/\/radiolandmark.com\/index.php\/acerca-de\/\" \/>\n<meta property=\"og:site_name\" content=\"radiolandmark.com\" \/>\n<meta property=\"article:publisher\" content=\"https:\/\/www.facebook.com\/Radio-Landmark\" \/>\n<meta property=\"article:modified_time\" content=\"2025-08-13T15:13:53+00:00\" \/>\n<meta name=\"twitter:card\" content=\"summary_large_image\" \/>\n<meta name=\"twitter:site\" content=\"@Radio_Landmark\" \/>\n<meta name=\"twitter:label1\" content=\"Est. reading time\" \/>\n\t<meta name=\"twitter:data1\" content=\"1 minute\" \/>\n<script type=\"application\/ld+json\" class=\"yoast-schema-graph\">{\"@context\":\"https:\/\/schema.org\",\"@graph\":[{\"@type\":\"WebPage\",\"@id\":\"https:\/\/radiolandmark.com\/index.php\/acerca-de\/\",\"url\":\"https:\/\/radiolandmark.com\/index.php\/acerca-de\/\",\"name\":\"Acerca De - radiolandmark.com\",\"isPartOf\":{\"@id\":\"https:\/\/radiolandmark.com\/#website\"},\"datePublished\":\"2025-07-11T14:38:26+00:00\",\"dateModified\":\"2025-08-13T15:13:53+00:00\",\"breadcrumb\":{\"@id\":\"https:\/\/radiolandmark.com\/index.php\/acerca-de\/#breadcrumb\"},\"inLanguage\":\"en-US\",\"potentialAction\":[{\"@type\":\"ReadAction\",\"target\":[\"https:\/\/radiolandmark.com\/index.php\/acerca-de\/\"]}]},{\"@type\":\"BreadcrumbList\",\"@id\":\"https:\/\/radiolandmark.com\/index.php\/acerca-de\/#breadcrumb\",\"itemListElement\":[{\"@type\":\"ListItem\",\"position\":1,\"name\":\"Home\",\"item\":\"https:\/\/radiolandmark.com\/\"},{\"@type\":\"ListItem\",\"position\":2,\"name\":\"Acerca De\"}]},{\"@type\":\"WebSite\",\"@id\":\"https:\/\/radiolandmark.com\/#website\",\"url\":\"https:\/\/radiolandmark.com\/\",\"name\":\"radiolandmark.com\",\"description\":\"\",\"publisher\":{\"@id\":\"https:\/\/radiolandmark.com\/#organization\"},\"potentialAction\":[{\"@type\":\"SearchAction\",\"target\":{\"@type\":\"EntryPoint\",\"urlTemplate\":\"https:\/\/radiolandmark.com\/?s={search_term_string}\"},\"query-input\":{\"@type\":\"PropertyValueSpecification\",\"valueRequired\":true,\"valueName\":\"search_term_string\"}}],\"inLanguage\":\"en-US\"},{\"@type\":\"Organization\",\"@id\":\"https:\/\/radiolandmark.com\/#organization\",\"name\":\"radiolandmark.com\",\"url\":\"https:\/\/radiolandmark.com\/\",\"logo\":{\"@type\":\"ImageObject\",\"inLanguage\":\"en-US\",\"@id\":\"https:\/\/radiolandmark.com\/#\/schema\/logo\/image\/\",\"url\":\"https:\/\/radiolandmark.com\/wp-content\/uploads\/2025\/07\/cropped-cropped-Radio-Landmark-3.5-x-3.5.png\",\"contentUrl\":\"https:\/\/radiolandmark.com\/wp-content\/uploads\/2025\/07\/cropped-cropped-Radio-Landmark-3.5-x-3.5.png\",\"width\":1050,\"height\":1050,\"caption\":\"radiolandmark.com\"},\"image\":{\"@id\":\"https:\/\/radiolandmark.com\/#\/schema\/logo\/image\/\"},\"sameAs\":[\"https:\/\/www.facebook.com\/Radio-Landmark\",\"https:\/\/x.com\/Radio_Landmark\"]}]}<\/script>\n<!-- \/ Yoast SEO plugin. -->","yoast_head_json":{"title":"Acerca De - radiolandmark.com","robots":{"index":"index","follow":"follow","max-snippet":"max-snippet:-1","max-image-preview":"max-image-preview:large","max-video-preview":"max-video-preview:-1"},"canonical":"https:\/\/radiolandmark.com\/index.php\/acerca-de\/","og_locale":"en_US","og_type":"article","og_title":"Acerca De - radiolandmark.com","og_description":"Radio Landmark Radio Landmark&nbsp;es una emisora de radio cristiana, sin fines de lucro, sostenida por sus oyentes, ubicada en el centro de la Florida. Transmitimos m\u00fasica sacra, gospel sure\u00f1o y [&hellip;]","og_url":"https:\/\/radiolandmark.com\/index.php\/acerca-de\/","og_site_name":"radiolandmark.com","article_publisher":"https:\/\/www.facebook.com\/Radio-Landmark","article_modified_time":"2025-08-13T15:13:53+00:00","twitter_card":"summary_large_image","twitter_site":"@Radio_Landmark","twitter_misc":{"Est. reading time":"1 minute"},"schema":{"@context":"https:\/\/schema.org","@graph":[{"@type":"WebPage","@id":"https:\/\/radiolandmark.com\/index.php\/acerca-de\/","url":"https:\/\/radiolandmark.com\/index.php\/acerca-de\/","name":"Acerca De - radiolandmark.com","isPartOf":{"@id":"https:\/\/radiolandmark.com\/#website"},"datePublished":"2025-07-11T14:38:26+00:00","dateModified":"2025-08-13T15:13:53+00:00","breadcrumb":{"@id":"https:\/\/radiolandmark.com\/index.php\/acerca-de\/#breadcrumb"},"inLanguage":"en-US","potentialAction":[{"@type":"ReadAction","target":["https:\/\/radiolandmark.com\/index.php\/acerca-de\/"]}]},{"@type":"BreadcrumbList","@id":"https:\/\/radiolandmark.com\/index.php\/acerca-de\/#breadcrumb","itemListElement":[{"@type":"ListItem","position":1,"name":"Home","item":"https:\/\/radiolandmark.com\/"},{"@type":"ListItem","position":2,"name":"Acerca De"}]},{"@type":"WebSite","@id":"https:\/\/radiolandmark.com\/#website","url":"https:\/\/radiolandmark.com\/","name":"radiolandmark.com","description":"","publisher":{"@id":"https:\/\/radiolandmark.com\/#organization"},"potentialAction":[{"@type":"SearchAction","target":{"@type":"EntryPoint","urlTemplate":"https:\/\/radiolandmark.com\/?s={search_term_string}"},"query-input":{"@type":"PropertyValueSpecification","valueRequired":true,"valueName":"search_term_string"}}],"inLanguage":"en-US"},{"@type":"Organization","@id":"https:\/\/radiolandmark.com\/#organization","name":"radiolandmark.com","url":"https:\/\/radiolandmark.com\/","logo":{"@type":"ImageObject","inLanguage":"en-US","@id":"https:\/\/radiolandmark.com\/#\/schema\/logo\/image\/","url":"https:\/\/radiolandmark.com\/wp-content\/uploads\/2025\/07\/cropped-cropped-Radio-Landmark-3.5-x-3.5.png","contentUrl":"https:\/\/radiolandmark.com\/wp-content\/uploads\/2025\/07\/cropped-cropped-Radio-Landmark-3.5-x-3.5.png","width":1050,"height":1050,"caption":"radiolandmark.com"},"image":{"@id":"https:\/\/radiolandmark.com\/#\/schema\/logo\/image\/"},"sameAs":["https:\/\/www.facebook.com\/Radio-Landmark","https:\/\/x.com\/Radio_Landmark"]}]}},"_links":{"self":[{"href":"https:\/\/radiolandmark.com\/index.php\/wp-json\/wp\/v2\/pages\/730","targetHints":{"allow":["GET"]}}],"collection":[{"href":"https:\/\/radiolandmark.com\/index.php\/wp-json\/wp\/v2\/pages"}],"about":[{"href":"https:\/\/radiolandmark.com\/index.php\/wp-json\/wp\/v2\/types\/page"}],"author":[{"embeddable":true,"href":"https:\/\/radiolandmark.com\/index.php\/wp-json\/wp\/v2\/users\/1"}],"replies":[{"embeddable":true,"href":"https:\/\/radiolandmark.com\/index.php\/wp-json\/wp\/v2\/comments?post=730"}],"version-history":[{"count":7,"href":"https:\/\/radiolandmark.com\/index.php\/wp-json\/wp\/v2\/pages\/730\/revisions"}],"predecessor-version":[{"id":912,"href":"https:\/\/radiolandmark.com\/index.php\/wp-json\/wp\/v2\/pages\/730\/revisions\/912"}],"wp:attachment":[{"href":"https:\/\/radiolandmark.com\/index.php\/wp-json\/wp\/v2\/media?parent=730"}],"curies":[{"name":"wp","href":"https:\/\/api.w.org\/{rel}","templated":true}]}}